1
In base 15, what is -1 - -4?
3
In base 12, what is -153 - -3?
-150
In base 13, what is 6 - -4?
a
In base 7, what is -2 + -12?
-14
In base 6, what is -5 + -4?
-13
In base 11, what is 19 + -16?
3
In base 16, what is -1 - -12b?
12a
In base 14, what is -1 - -162b?
162a
In base 9, what is 0 + 575?
575
In base 12, what is -2 - -88?
86
In base 13, what is -1 + 305?
304
In base 13, what is 9 - 20?
-14
In base 2, what is 11 - -100101?
101000
In base 15, what is -5 - -4da?
4d5
In base 8, what is -157 - 0?
-157
In base 8, what is 1450 - 5?
1443
In base 12, what is 0 + -a8?
-a8
In base 9, what is 3151 + -4?
3146
In base 2, what is -100 - 10001111?
-10010011
In base 14, what is 1 - -3c?
3d
In base 10, what is -2 - 63?
-65
In base 10, what is -1 - -88?
87
In base 12, what is 7 + 13b?
146
In base 3, what is -20 - -2?
-11
In base 10, what is 132 + 3?
135
In base 10, what is -2294 + 1?
-2293
In base 6, what is -3 + 524?
521
In base 8, what is -3 + 2147?
2144
In base 4, what is 10 - -212?
222
In base 14, what is 2 - -9?
b
In base 7, what is 1 - 42?
-41
In base 5, what is -3332 - 10?
-3342
In base 5, what is -41 + -143?
-234
In base 11, what is -372 + -5?
-377
In base 14, what is -2 + -58?
-5a
In base 7, what is -13556 - -3?
-13553
In base 15, what is 1 + 12e?
130
In base 6, what is 1 + -104?
-103
In base 16, what is 16 - 5?
11
In base 4, what is 11 - -10300?
10311
In base 12, what is 19 + 6?
23
In base 2, what is -1001001001001 - -101?
-1001001000100
In base 16, what is 24f - 6?
249
In base 2, what is 1101 - 11010110?
-11001001
In base 10, what is 370 + 29?
399
In base 14, what is d + 0?
d
In base 14, what is -64 + 14?
-50
In base 2, what is -10 - 111?
-1001
In base 9, what is -33 - 1?
-34
In base 10, what is -2 + -346?
-348
In base 14, what is 4c6c + 2?
4c70
In base 11, what is 84 + 4?
88
In base 16, what is -a - 2e?
-38
In base 12, what is 4a - 2?
48
In base 16, what is 29 - -fe?
127
In base 8, what is -4 - -1046?
1042
In base 13, what is 2a2 + 24?
2c6
In base 13, what is -99 + 19?
-80
In base 11, what is -4 + -10?
-14
In base 10, what is -4 - -14?
10
In base 12, what is 335 + -4?
331
In base 7, what is 3 - -34?
40
In base 8, what is 32 - 3?
27
In base 3, what is -12 - 100211?
-101000
In base 15, what is -2 - 4c?
-4e
In base 16, what is -86 + -1c?
-a2
In base 3, what is -111100002 - 2?
-111100011
In base 2, what is -10 + -100110111?
-100111001
In base 6, what is -53 + 445?
352
In base 11, what is -616 + 2?
-614
In base 3, what is -1101000 + -110?
-1101110
In base 5, what is -10 - 23004?
-23014
In base 8, what is 0 + 64?
64
In base 12, what is 34 + 0?
34
In base 12, what is 2 - -11?
13
In base 13, what is 3c - -4?
43
In base 15, what is -3 - -2?
-1
In base 10, what is 3 - -49?
52
In base 3, what is -10 - -2221?
2211
In base 5, what is -2 + -40333?
-40340
In base 6, what is -324 - 5?
-333
In base 16, what is -e - 7?
-15
In base 16, what is ae3 + 0?
ae3
In base 4, what is 20311 - 2?
20303
In base 9, what is -4 - 233?
-237
In base 8, what is -1523 - 5?
-1530
In base 6, what is -1555 - 5?
-2004
In base 4, what is -23 + 233?
210
In base 14, what is -4 + -20d?
-213
In base 12, what is -84 + 1?
-83
In base 16, what is -2e - 6?
-34
In base 6, what is -402 + 4?
-354
In base 8, what is 1457 + -2?
1455
In base 7, what is 6 + 234?
243
In base 3, what is 220202 - -1001?
221210
In base 8, what is 3 - 140?
-135
In base 10, what is -3696 - -1?
-3695
In base 15, what is 1 + 1e?
20
In base 8, what is -5 + 36?
31
In base 2, what is -100 - -11110?
11010
In base 6, what is -20 + -1303?
-1323
In base 4, what is 201013 + -22?
200331
In base 4, what is -10 + -20?
-30
In base 5, what is 13233 + -14?
13214
In base 6, what is 3 + -100?
-53
In base 12, what is 2 + -111?
-10b
In base 10, what is 2078 + 5?
2083
In base 5, what is 1 + 12404?
12410
In base 12, what is -497 - 5?
-4a0
In base 4, what is 122113 - -10?
122123
In base 16, what is -245 + 5?
-240
In base 14, what is 34 + 11?
45
In base 3, what is -22 - 11?
-110
In base 7, what is -10346 - -2?
-10344
In base 3, what is -11 + -22000000?
-22000011
In base 4, what is -10211 - 0?
-10211
In base 7, what is -21343 - 4?
-21350
In base 11, what is 2 - 1a8?
-1a6
In base 10, what is -3 + -2904?
-2907
In base 15, what is -87c + -1?
-87d
In base 4, what is 1 + 1003?
1010
In base 11, what is 2a86 - 3?
2a83
In base 11, what is 22a + -9?
221
In base 13, what is 0 + -5c?
-5c
In base 2, what is 1110 - 10?
1100
In base 4, what is 3 + 220031?
220100
In base 2, what is -10 - 111000?
-111010
In base 6, what is -1052 + -5?
-1101
In base 13, what is 21b + 2?
220
In base 13, what is -153 - 7?
-15a
In base 7, what is 0 + -6214?
-6214
In base 13, what is -566 - 0?
-566
In base 12, what is 35 + -3?
32
In base 2, what is 11 - 1011100?
-1011001
In base 12, what is -15 + 58?
43
In base 6, what is 3 + -253?
-250
In base 3, what is 0 - 2022222?
-2022222
In base 3, what is 1222 - 112?
1110
In base 14, what is 41c - -5?
423
In base 9, what is 2 + -74?
-72
In base 2, what is 1 + 11100000?
11100001
In base 7, what is 226 + -64?
132
In base 2, what is 10001100100 - -1000?
10001101100
In base 5, what is 1 + -2100?
-2044
In base 14, what is -3 + -908?
-90b
In base 15, what is -2 - 4?
-6
In base 12, what is 4391 + -3?
438a
In base 2, what is 110 + 1110111100?
1111000010
In base 5, what is -10213 + 0?
-10213
In base 4, what is -3122002 + -1?
-3122003
In base 15, what is -1e4e - 4?
-1e53
In base 5, what is 23 + 304?
332
In base 13, what is -7 + -546?
-550
In base 13, what is -7b + 55?
-26
In base 5, what is 3 - 1014?
-1011
In base 5, what is 12 + 3423?
3440
In base 10, what is 2 - -57?
59
In base 14, what is -297 + 6?
-291
In base 4, what is 100 - -10?
110
In base 11, what is -218a - -5?
-2185
In base 2, what is -11000 - 10000100010?
-10000111010
In base 8, what is 37 + -22?
15
In base 15, what is -11 + 1a?
9
In base 6, what is -12132 + 5?
-12123
In base 2, what is -1 - 100?
-101
In base 4, what is 1103 + 30?
1133
In base 2, what is 0 + -11101?
-11101
In base 9, what is 1 + 33?
34
In base 13, what is -2b + 59?
2b
In base 2, what is -10010 + 110100000?
110001110
In base 9, what is -2 - 538?
-541
In base 14, what is 7 - 24?
-1b
In base 14, what is 0 - b5?
-b5
In base 9, what is -183 - -26?
-156
In base 2, what is -11 + -1110101000?
-1110101011
In base 11, what is 8 - -345?
352
In base 7, what is 3 - -12225?
12231
In base 7, what is -26620 - -3?
-26614
In base 4, what is -221 - -12?
-203
In base 16, what is -6c + 5f?
-d
In base 6, what is 12 - 25?
-13
In base 5, what is 4 - -404?
413
In base 2, what is 1000001011 + 1?
1000001100
In base 11, what is 1488 + 1?
1489
In base 16, what is -28d + 0?
-28d
In base 10, what is -3 - -1542?
1539
In base 4, what is 0 + -323?
-323
In base 14, what is -4 + b7?
b3
In base 10, what is -174 - -3?
-171
In base 16, what is 58 + -1?
57
In base 9, what is -148 + -5?
-154
In base 13, what is -42 - 6?
-48
In base 15, what is -427 - 3?
-42a
In base 9, what is -13364 - -2?
-13362
In base 9, what is 223 + -28?
184
In base 13, what is 5 + -22?
-1a
In base 12, what is 0 - -1914?
1914
In base 9, what is -5 - -2203?
2187
In base 6, what is 14 - 5?
5
In base 16, what is -77 - 6?
-7d
In base 8, what is 13674 + -2?
13672
In base 8, what is 3 - 23?
-20
In base 3, what is 200 + 1022?
1222
In base 11, what is 19 - -17?
35
In base 4, what is 200111 - 12?
200033
In base 7, what is -10 + -30?
-40
In base 9, what is 751 + 3?
754
In base 13, what is -4 - -45?
41
In base 11, what is 3 + -125?
-122
In base 8, what is -4123 + -2?
-4125
In base 12, what is -65b - -3?
-658
In base 12, what is -30 - -11?
-1b
In base 5, what is -22000 + -4?
-22004
In base 6, what is -101 + 0?
-101
In base 3, what is -2222 + 1000?
-1222
In base 3, what is -220 - -11?
-202
In base 2, what is 10 - -10000111?
10001001
In base 9, what is 4 - -56?
61
In base 13, what is c8 + -11?
b7
In base 15, what is 5 - -316?
31b
In base 16, what is -2fc + 1?
-2fb
In base 16, what is -90 - -6?
-8a
In base 11, what is -832 - 2?
-834
In base 10, what is 211 - -3?
214
In base 12, what is 122 + 2?
124
In base 2, what is 11110100011 + -11?
11110100000
In base 11, what is 5 - a?
-5
In base 9, what is -33 + 2?
-31
In base 12, what is -8 + 14a?
142
In base 15, what is 1 - -1a4?
1a5
In base 5, what is -2 - -31?
2